39729 composite?
False
Is 2986783 composite?
True
Is 3500863 composite?
False
Is 531653 prime?
False
Is 74490407 a composite number?
True
Is 5492407 composite?
False
Is 42740755 prime?
False
Is 200956397 a prime number?
True
Is 378422293 a composite number?
True
Is 121471013 a composite number?
False
Is 38674871 a composite number?
True
Is 10566709 a composite number?
False
Is 15885629 composite?
False
Is 1814201 a prime number?
False
Is 89111138 prime?
False
Is 7850081 prime?
False
Is 117229811 a composite number?
False
Is 12244171 a prime number?
False
Is 82354 composite?
True
Is 2358959 a composite number?
True
Is 13211071 prime?
False
Is 535441811 a prime number?
True
Is 7741259 prime?
True
Is 10080521 a prime number?
False
Is 1314403 composite?
True
Is 1699457 a composite number?
False
Is 927001 a composite number?
False
Is 838297 composite?
True
Is 4684151 a prime number?
True
Is 613866569 prime?
True
Is 107885087 a prime number?
True
Is 97942501 a prime number?
False
Is 619289 a composite number?
True
Is 15784001 prime?
False
Is 73515417 a composite number?
True
Is 34547039 a prime number?
True
Is 8277427 composite?
False
Is 5679829 a prime number?
True
Is 131797 composite?
False
Is 3432619 a composite number?
False
Is 1500935 prime?
False
Is 20138 composite?
True
Is 16879 a composite number?
False
Is 1535717 a prime number?
True
Is 6755029 a composite number?
False
Is 1341437 composite?
False
Is 97932811 composite?
False
Is 55714601 composite?
False
Is 703531 composite?
False
Is 926879 prime?
True
Is 6897299 prime?
True
Is 387872299 a composite number?
True
Is 2457179 composite?
False
Is 102932429 composite?
True
Is 13244897 prime?
True
Is 2990401 a composite number?
False
Is 453078785 composite?
True
Is 126505 a prime number?
False
Is 15961739 composite?
False
Is 96045583 prime?
False
Is 7322209 a prime number?
False
Is 261631 composite?
False
Is 45989549 a prime number?
True
Is 11392991 a prime number?
False
Is 212969 a composite number?
False
Is 244835519 composite?
False
Is 2376683 a prime number?
True
Is 1384447 composite?
True
Is 34141823 a composite number?
True
Is 36062363 a composite number?
False
Is 8412449 a prime number?
False
Is 35322277 a prime number?
False
Is 114478951 a prime number?
False
Is 49066307 composite?
False
Is 322435121 prime?
True
Is 13754983 prime?
False
Is 3108146 a prime number?
False
Is 22795957 a composite number?
True
Is 381349699 a composite number?
False
Is 43982537 prime?
True
Is 5786437 a prime number?
False
Is 3910507 a composite number?
False
Is 113424617 prime?
False
Is 44021919 a composite number?
True
Is 62881843 composite?
False
Is 2928851 a composite number?
False
Is 202703587 composite?
False
Is 184038947 a composite number?
True
Is 10543573 a composite number?
True
Is 2638607 composite?
False
Is 4176187 a composite number?
False
Is 64314161 composite?
False
Is 1561739 prime?
False
Is 5647163 a composite number?
False
Is 62313035 a composite number?
True
Is 557419 prime?
False
Is 303750715 prime?
False
Is 3235733 a composite number?
True
Is 163329011 a composite number?
False
Is 18644579 a composite number?
True
Is 84027569 prime?
True
Is 20707837 composite?
True
Is 154677059 prime?
False
Is 10938787 composite?
True
Is 1443107957 prime?
True
Is 212807981 composite?
False
Is 114934091 composite?
False
Is 222219539 prime?
False
Is 87702731 composite?
True
Is 15638947 composite?
False
Is 95113741 composite?
True
Is 926158891 composite?
True
Is 302781 prime?
False
Is 1727918 a composite number?
True
Is 654409579 composite?
False
Is 44504381 a prime number?
False
Is 613450949 prime?
False
Is 1125732827 prime?
False
Is 4524889 a prime number?
True
Is 29359543 composite?
False
Is 861000817 a prime number?
True
Is 84087803 a composite number?
True
Is 6607541 a composite number?
True
Is 1448489181 composite?
True
Is 15326227 a prime number?
False
Is 380949509 a composite number?
True
Is 33237979 a prime number?
True
Is 1271027 prime?
True
Is 6083963 a prime number?
True
Is 115702313 a composite number?
True
Is 339608987 composite?
False
Is 53104939 composite?
False
Is 45830537 a composite number?
False
Is 87281629 composite?
False
Is 148466141 prime?
False
Is 198761201 a composite number?
True
Is 56629598 a prime number?
False
Is 88117 a composite number?
False
Is 301808087 a prime number?
False
Is 3227951 a composite number?
False
Is 4569931 a composite number?
False
Is 8519623 a prime number?
False
Is 65707421 a composite number?
True
Is 10030313 a composite number?
False
Is 655093 composite?
True
Is 4111409 prime?
True
Is 18553 a prime number?
True
Is 13233433 a composite number?
False
Is 382687 prime?
False
Is 51393991 a prime number?
False
Is 74569 a composite number?
True
Is 7557787 prime?
True
Is 89254463 a prime number?
False
Is 48757129 prime?
True
Is 113839079 composite?
True
Is 220279 a prime number?
True
Is 171668969 prime?
True
Is 3279122255 prime?
False
Is 5850907 a prime number?
False
Is 430193 prime?
True
Is 18650414 a prime number?
False
Is 24001027 composite?
True
Is 135444889 a composite number?
False
Is 31720981 a composite number?
False
Is 812977 prime?
False
Is 7712857 composite?
False
Is 1523462 a prime number?
False
Is 1386053 a prime number?
True
Is 3465659 a prime number?
True
Is 608549 prime?
False
Is 20143559 composite?
False
Is 823737 a composite number?
True
Is 26302399 composite?
False
Is 169456151 a composite number?
True
Is 39763 composite?
True
Is 98012353 composite?
False
Is 980339 a prime number?
False
Is 222636431 a composite number?
False
Is 18289111 a prime number?
False
Is 21662647 a composite number?
True
Is 1792399 a composite number?
True
Is 145941 a composite number?
True
Is 378991 prime?
False
Is 1951291 composite?
True
Is 2600867 composite?
False
Is 24945863 composite?
False
Is 5687251 composite?
True
Is 6185633 prime?
True
Is 2011483 a prime number?
True
Is 56648639 a prime number?
True
Is 3566137 a composite number?
True
Is 54361471 composite?
False
Is 17613229 a composite number?
True
Is 1380913 composite?
False
Is 7293379 prime?
True
Is 22811821 a composite number?
True
Is 5386813 a prime number?
False
Is 90853181 a prime number?
True
Is 2301461 a composite number?
False
Is 1203913 a prime number?
True
Is 23719691 a prime number?
True
Is 114072611 a composite number?
True
Is 359083 prime?
False
Is 31355861 composite?
False
Is 976439 composite?
False
Is 74789563 composite?
False
Is 3753455 a composite number?
True
Is 11031311 a prime number?
True
Is 6981233 a prime number?
False
Is 458095427 composite?
False
Is 377433857 prime?
True
Is 9619231 a prime number?
False
Is 21322813 a prime number?
False
Is 12234811 prime?
True
Is 233531758 a composite number?
True
Is 216317 prime?
True
Is 16602293 a composite number?
True
Is 739939 prime?
False
Is 11491657 a prime number?
False
Is 15587531 a composite number?
False
Is 185513047 a composite number?
False
Is 6971909 composite?
True
Is 36922093 prime?
False
Is 20386714 a prime number?
False
Is 16455931 a prime number?
True
Is 1532033 a composite number?
False
Is 17930893 a prime number?
False
Is 23893613 a prime number?
True
Is 260998019 composite?
False
Is 7612177 a composite number?
True
Is 1402231 a composite number?
False
Is 320415839 prime?
True
Is 1396207 prime?
True
Is 60614899 prime?
True
Is 30351767 a composite number?
True
Is 1112729729 a composite number?
True
Is 896454343 composite?
True
Is 57051133 a composite number?
True
Is 83158787 a prime number?
True
Is 34608179 a composite number?
False
Is 16779593 a composite number?
True
Is 8147 composite?
False
Is 1996601 composite?
True
Is 54946007 prime?
False
Is 3649511 a composite number?
False
Is 26330111 a composite number?
False
Is 226607 composite?
True
Is 184859449 composite?
True
Is 60984577 composite?
False
Is 63007265 composite?
True
Is 24467455 a composite number?
True
Is 18965059 prime?
False
Is 3910861 composite?
False
Is 44897749 composite?
True
Is 6011911 composite?
True
Is 95433927 composite?
True
Is 731903 prime?
False
Is 35861261 composite?
False
Is 30268829 a prime number?
False
Is 3713789 prime?
True
Is 16294399 a prime number?
False
Is 108826735 composite?
True
Is 6440303 a composite number?
False
Is 1016971 a prime number?
T